ctors of 160223.
7, 47, 487
List the prime factors of 174.
2, 3, 29
What are the prime factors of 6734?
2, 7, 13, 37
List the prime factors of 1165.
5, 233
List the prime factors of 40401.
3, 67
What are the prime factors of 79533?
3, 8837
What are the prime factors of 9103?
9103
What are the prime factors of 5472?
2, 3, 19
List the prime factors of 15575.
5, 7, 89
What are the prime factors of 4086?
2, 3, 227
What are the prime factors of 42986?
2, 21493
What are the prime factors of 3659?
3659
What are the prime factors of 5701?
5701
What are the prime factors of 1183?
7, 13
What are the prime factors of 15683?
15683
List the prime factors of 450.
2, 3, 5
What are the prime factors of 1890?
2, 3, 5, 7
List the prime factors of 243.
3
What are the prime factors of 1190?
2, 5, 7, 17
What are the prime factors of 714?
2, 3, 7, 17
What are the prime factors of 1253?
7, 179
What are the prime factors of 45959?
45959
What are the prime factors of 4041?
3, 449
List the prime factors of 1660.
2, 5, 83
List the prime factors of 614.
2, 307
List the prime factors of 536.
2, 67
What are the prime factors of 28381?
101, 281
What are the prime factors of 7098?
2, 3, 7, 13
List the prime factors of 775.
5, 31
What are the prime factors of 37065?
3, 5, 7, 353
What are the prime factors of 207?
3, 23
What are the prime factors of 37662?
2, 3, 6277
What are the prime factors of 1470?
2, 3, 5, 7
List the prime factors of 10376.
2, 1297
List the prime factors of 15354.
2, 3, 853
What are the prime factors of 1182?
2, 3, 197
What are the prime factors of 4477?
11, 37
What are the prime factors of 7068?
2, 3, 19, 31
What are the prime factors of 30329?
13, 2333
What are the prime factors of 52670?
2, 5, 23, 229
List the prime factors of 7137.
3, 13, 61
List the prime factors of 21950.
2, 5, 439
What are the prime factors of 2461?
23, 107
List the prime factors of 9481.
19, 499
What are the prime factors of 4735?
5, 947
What are the prime factors of 2807?
7, 401
List the prime factors of 1436.
2, 359
List the prime factors of 4203.
3, 467
List the prime factors of 7073.
11, 643
List the prime factors of 3942.
2, 3, 73
List the prime factors of 22722.
2, 3, 7, 541
List the prime factors of 1100.
2, 5, 11
List the prime factors of 3254.
2, 1627
List the prime factors of 1573.
11, 13
List the prime factors of 75335.
5, 13, 19, 61
List the prime factors of 2672.
2, 167
What are the prime factors of 102349?
13, 7873
What are the prime factors of 24187?
19, 67
What are the prime factors of 148?
2, 37
What are the prime factors of 3061?
3061
List the prime factors of 7775.
5, 311
What are the prime factors of 57377?
181, 317
What are the prime factors of 406?
2, 7, 29
What are the prime factors of 9494?
2, 47, 101
List the prime factors of 3586.
2, 11, 163
List the prime factors of 74502.
2, 3, 4139
List the prime factors of 62246.
2, 31123
List the prime factors of 4866.
2, 3, 811
List the prime factors of 960.
2, 3, 5
List the prime factors of 3620.
2, 5, 181
List the prime factors of 64654.
2, 32327
List the prime factors of 4360.
2, 5, 109
List the prime factors of 3009.
3, 17, 59
What are the prime factors of 14918?
2, 7459
What are the prime factors of 1632?
2, 3, 17
List the prime factors of 15703.
41, 383
List the prime factors of 2263.
31, 73
List the prime factors of 25108.
2, 6277
List the prime factors of 56061.
3, 6229
List the prime factors of 753.
3, 251
List the prime factors of 860.
2, 5, 43
What are the prime factors of 1337?
7, 191
List the prime factors of 3805.
5, 761
List the prime factors of 3081.
3, 13, 79
List the prime factors of 115473.
3, 61, 631
What are the prime factors of 1663?
1663
List the prime factors of 40078.
2, 29, 691
What are the prime factors of 12224?
2, 191
What are the prime factors of 73966?
2, 31, 1193
What are the prime factors of 99248?
2, 6203
List the prime factors of 1457.
31, 47
List the prime factors of 75323.
75323
List the prime factors of 50880.
2, 3, 5, 53
List the prime factors of 1455.
3, 5, 97
List the prime factors of 19550.
2, 5, 17, 23
What are the prime factors of 8877?
3, 11, 269
List the prime factors of 720.
2, 3, 5
What are the prime factors of 3935?
5, 787
List the prime factors of 2430.
2, 3, 5
What are the prime factors of 9777?
3, 3259
List the prime factors of 3185.
5, 7, 13
List the prime factors of 51485.
5, 7, 1471
List the prime factors of 1079.
13, 83
What are the prime factors of 18964?
2, 11, 431
What are the prime factors of 1026?
2, 3, 19
What are the prime factors of 95839?
239, 401
List the prime factors of 103420.
2, 5, 5171
List the prime factors of 928.
2, 29
List the prime factors of 3697.
3697
List the prime factors of 8517.
3, 17, 167
List the prime factors of 91510.
2, 5, 9151
List the prime factors of 67039.
7, 61, 157
What are the prime factors of 11695?
5, 2339
What are the prime factors of 1221?
3, 11, 37
List the prime factors of 635.
5, 127
What are the prime factors of 35811?
3, 23, 173
List the prime factors of 2567.
17, 151
List the prime factors of 23638.
2, 53, 223
What are the prime factors of 5091?
3, 1697
What are the prime factors of 17127?
3, 11, 173
What are the prime factors of 3728?
2, 233
List the prime factors of 999.
3, 37
List the prime factors of 13575.
3, 5, 181
List the prime factors of 3328.
2, 13
What are the prime factors of 118657?
7, 11, 23, 67
List the prime factors of 61974.
2, 3, 11, 313
What are the prime factors of 495?
3, 5, 11
What are the prime factors of 1209?
3, 13, 31
List the prime factors of 11027.
11027
List the prime factors of 3378.
2, 3, 563
List the prime factors of 670.
2, 5, 67
What are the prime factors of 82680?
2, 3, 5, 13, 53
What are the prime factors of 9081?
3, 1009
List the prime factors of 12734.
2, 6367
List the prime factors of 127531.
73, 1747
What are the prime factors of 93993?
3, 17, 19, 97
What are the prime factors of 103973?
173, 601
What are the prime factors of 7006?
2, 31, 113
What are the prime factors of 1115?
5, 223
List the prime factors of 5510.
2, 5, 19, 29
List the prime factors of 5572.
2, 7, 199
What are the prime factors of 8736?
2, 3, 7, 13
List the prime factors of 35914.
2, 17957
What are the prime factors of 15800?
2, 5, 79
List the prime factors of 99966.
2, 3, 16661
What are the prime factors of 1140?
2, 3, 5, 19
List the prime factors of 20739.
3, 31, 223
List the prime factors of 2776.
2, 347
What are the prime factors of 2171?
13, 167
What are the prime factors of 2839?
17, 167
What are the prime factors of 5016?
2, 3, 11, 19
What are the prime factors of 41723?
11, 3793
What are the prime factors of 168669?
3, 6247
What are the prime factors of 19867?
19867
What are the prime factors of 1666?
2, 7, 17
What are the prime factors of 40940?
2, 5, 23, 89
List the prime factors of 1185.
3, 5, 79
What are the prime factors of 12004?
2, 3001
What are the prime factors of 652?
2, 163
What are the prime factors of 780?
2, 3, 5, 13
List the prime factors of 121293.
3, 13477
List the prime factors of 1385.
5, 277
What are the prime factors of 140926?
2, 31, 2273
List the prime factors of 52701.
3, 11, 1597
What are the prime factors of 2627?
37, 71
List the prime factors of 1691.
19, 89
List the prime factors of 4691.
4691
What are the prime factors of 7047?
3, 29
What are the prime factors of 160825?
5, 7, 919
What are the prime factors of 91138?
2, 45569
What are the prime factors of 1271?
31, 41
What are the prime factors of 699?
3, 233
List the prime factors of 25339.
25339
List the prime factors of 399.
3, 7, 19
List the prime factors of 2927.
2927
What are the prime factors of 988?
2, 13, 19
What are the prime factors of 2381?
2381
What are the prime factors of 4139?
4139
List the prime factors of 4376.
2, 547
List the prime factors of 5691.
3, 7, 271
List the prime factors of 32694.
2, 3, 5449
What are the prime factors of 66137?
66137
What are the prime factors of 6718?
2, 3359
What are the prime factors of 11058?
2, 3, 19, 97
What are the prime factors of 16851?
3, 41, 137
List the prime factors of 2091.
3, 17, 41
What are the prime factors of 556?
2, 139
List the prime factors of 81268.
2, 11, 1847
What are the prime factors of 2978?
2, 1489
List the prime factors of 32478.
2, 3, 5413
